re the prime factors of d?
7, 59
Let u = -91621 - -133697. What are the prime factors of u?
2, 67, 157
What are the prime factors of (-9333147)/(-1311) - 4/38?
3, 7, 113
Let f(p) = -50*p - 189. Let o(c) = -c**3 + 12*c**2 - 20*c - 14. Let n be o(10). List the prime factors of f(n).
7, 73
Suppose -4*l - 17 = -5*d, 4*d - 2*l + 1 = 17. Suppose 7*h - 4*h - 209 = -d*x, -4*h - 180 = -4*x. List the prime factors of x.
43
Let c = -68 + 72. Suppose -3*n + v = -670, 4*n + c*v = 394 + 478. Suppose -n = -4*j + 26. What are the prime factors of j?
2, 31
Suppose 11 = n + 3*t, -2*n - 3*n + 43 = 3*t. Let h be 3 - (n/(-2) - 102). List the prime factors of h + (2 - 1*20/4).
2, 53
Let y(o) be the second derivative of -2*o**3/3 + 6*o. Let h be y(6). Let u = 89 + h. What are the prime factors of u?
5, 13
Suppose 2*x + a = -119, -14*x + 10*x + 2*a - 226 = 0. Let b = 58 + x. Suppose 4*w + 3*f - 363 = w, b = -5*w + 3*f + 597. What are the prime factors of w?
2, 3, 5
Let k be (7 - -265)*(-2)/(-4). Suppose -3*g + 3*p + 259 = 8*p, 2*g - k = 4*p. List the prime factors of g.
2, 3, 13
Suppose 5 = r, -u - 4*r = -2*u - 270. Let z = u - -542. List the prime factors of (2/(8/z*-1))/(-1).
73
Suppose -7*d - 5 + 19 = 0. Suppose -6*a = -d*a - 2428. What are the prime factors of a?
607
Suppose -9095 = -172*o + 167*o. Suppose -4772 - o = -13*t. What are the prime factors of t?
3, 13
Suppose 5*q - 11 = 4. Let b be (-3)/6*(285/q - -1). Let c = b + 63. What are the prime factors of c?
3, 5
Suppose -8*i = -587 - 16085. What are the prime factors of i?
2, 521
Let b(c) = 4*c**2 + c + 1. Let w be b(-4). Suppose 5*l = 8*l + 132. Let g = w - l. List the prime factors of g.
3, 5, 7
Let o be (-10300 + 2)/(8/20*-5). Suppose 6317 = 7*w - o. List the prime factors of w.
2, 3, 7, 13
Let i(o) = 352*o - 3517. Let g be i(10). Suppose -221 = -5*p + 49. Suppose -3*k + p = -n - 2*n, -4*k + g*n + 75 = 0. List the prime factors of k.
3, 7
Let m(x) = 4*x - 5. Let r be m(1). List the prime factors of 212*((-25)/(-20) + r)*2.
2, 53
Let i = -50 + 42. Let h(d) = -36*d - 12. Let w be h(i). Suppose 2*q + g = 193, -5*g + w = 3*q - 8*g. What are the prime factors of q?
5, 19
Let v = 482 + -136. Suppose -1427 - v = -3*c. List the prime factors of c.
3, 197
Let o(u) = -u**3 - 47*u**2 + 14*u - 545. List the prime factors of o(-50).
3, 5, 139
Suppose 11*f - 53468 = 8814. Suppose -5*k - 278 = m - 2172, 5*k = 3*m - f. List the prime factors of m.
1889
Suppose 3 = 13*m - 62. Let v(t) = 21*t**2 + 3*t + 5. What are the prime factors of v(m)?
5, 109
Suppose -62351*o + 880373 = -62338*o. List the prime factors of o.
241, 281
Suppose 3*o - 11 = -44. Let a = o - -13. Let y(w) = 11*w**2 + 2. List the prime factors of y(a).
2, 23
Let l = 1787 - 1063. Suppose 3*h + 301 = l. Suppose -4*y = -y - h. List the prime factors of y.
47
Let c be (((-1)/(-2))/(-1))/(84/(-168)). What are the prime factors of ((-3472)/(-64))/(c/8)?
2, 7, 31
Let j(h) = -733*h - 1718. List the prime factors of j(-30).
2, 7, 181
Let i be (-119)/(-9) - 20/90. Suppose -i*m + 30*m - 9690 = 0. List the prime factors of m.
2, 3, 5, 19
Let d(b) = b**2 + 9*b - 5. Let y be d(-10). Suppose -6 = 3*o, y*a = 4*o - 540 + 2543. List the prime factors of a.
3, 7, 19
Suppose -62 = 3*b + 2*u, -2*b = -4*b + 4*u - 52. Let i = 26 + b. Suppose 0 = i*v + 12, -n - 2*v = v - 24. List the prime factors of n.
3, 11
Let v(r) = 10246*r**2 - 2*r + 3. What are the prime factors of v(1)?
10247
Suppose 0 = 13*k - 17*k. Suppose k = c + 9 - 81. Let l = c + -37. List the prime factors of l.
5, 7
Suppose -39754 = -9*o + 7*o + 2*u, -u = 5. List the prime factors of o.
2, 3, 23
Let j be (-1)/(1/(-12))*2/(-4). Let b(a) = 9*a**2 + 4*a + 37. What are the prime factors of b(j)?
337
Let p = 49928 + -28945. What are the prime factors of p?
20983
Suppose 577606 = -26*u + 36*u - 3*z, -3*u = 4*z - 173272. List the prime factors of u.
2, 5, 19
Suppose 4*d + 275 = 3*p - 36, -406 = 5*d + 2*p. Suppose 4*k + 3*k - 1638 = 0. Let b = k + d. List the prime factors of b.
2, 7, 11
Suppose 0 = 25*x - 74*x + 245. Suppose 773 - 4403 = -x*b. What are the prime factors of b?
2, 3, 11
Suppose -12*f - 7*f = -9*f - 138250. What are the prime factors of f?
5, 7, 79
Let u(l) = -3*l**3 - 94*l**2 + 213*l + 31. What are the prime factors of u(-35)?
3, 2017
Suppose -4*n + 25 - 9 = 0. Let b = 18 + -13. Suppose -c - 56 = -4*m + 2*m, -b*m = n*c - 140. List the prime factors of m.
2, 7
Let x = 39 + -37. Suppose -13*w + 11*w - x*q + 76 = 0, 0 = -5*w + 3*q + 150. List the prime factors of w.
3, 11
Let c(n) = n**2 - 2*n + 31. Let j be c(0). Suppose j*y = 33*y - 514. Let v = y - 85. List the prime factors of v.
2, 43
Let l be (-7)/(-1) + 40/(-10). List the prime factors of (-1 + l)/((-8)/(-1068)).
3, 89
Suppose 0 = 2*m - m - 3*j - 427, -3*j + 2207 = 5*m. List the prime factors of ((-8)/(-10))/(1 - m/440).
2, 11
Suppose 4*u - 20 = -4*t, 3*u + 4*t = -0*u + 20. Suppose 18 = 85*p - 82*p. What are the prime factors of 27 + 2/p*u?
3
Let n(u) = 39*u - 1. Let p be n(4). Suppose -24*h - 394 = -2*j - 25*h, -j = -2*h - 182. Let k = j - p. What are the prime factors of k?
3, 13
Let n = 16276 - -484. Suppose -54*t - n = -74*t. What are the prime factors of t?
2, 419
Let d be (2 - -2)*(-3)/6. Let v be (2/d + 4*-1)/(-1). Suppose -v*i + 2*x + 129 = x, -5*i = 4*x - 134. List the prime factors of i.
2, 13
Let k(f) = 4*f + 132 - 172 - 40*f - f**2. List the prime factors of k(-23).
7, 37
Let u = 1 - 6. Let n be ((23 - 25)*(-8)/1)/(4 - 6). What are the prime factors of u - n - (-13 - 0)*5?
2, 17
Suppose -19*y + 5*y = -3752. Let m = y + -137. What are the prime factors of m?
131
Let s(p) = 30*p**2 + 3*p - 2. Let y be s(1). Suppose o = -4*t + 138, 4*t + 1 + 7 = 0. Let j = o - y. List the prime factors of j.
5, 23
Let l be ((-28)/42)/((-6)/(-657)). Let o = l + 135. List the prime factors of o.
2, 31
Let u(s) = -3646*s + 923. What are the prime factors of u(-7)?
3, 5, 41, 43
Suppose 70*k = 34*k + 155449 + 447623. What are the prime factors of k?
2, 3, 349
Suppose 18*u - 243419 = -59153. What are the prime factors of u?
29, 353
Let x(q) = -192 + q**2 - 177 + 5*q + 387. List the prime factors of x(8).
2, 61
Let s = 2007 + -859. Let u = 2141 - s. What are the prime factors of u?
3, 331
Let y(i) = 192*i + 49. Let d(p) = 383*p + 99. Let o(s) = -3*d(s) + 7*y(s). List the prime factors of o(5).
1021
Suppose 315 = 6*u + 3*i - 32910, -3*u + 16632 = -5*i. List the prime factors of u.
29, 191
Let o(h) = -2*h**2 - 24*h - 22. Let r be o(-13). Let x = 59 + r. Suppose a - 629 = -3*g, -x*a + 14*a - 639 = -3*g. List the prime factors of g.
2, 13
Let y be ((1 - -4) + -14)*-1. Let m(x) = x - 18. Let n be m(y). What are the prime factors of 238 + ((-4)/3)/((-6)/n)?
2, 59
Let x(n) = 107*n**2 - 6*n + 5. Let y be x(5). Suppose -2*t + 5*m = -1355, -t - y = -5*t - 2*m. List the prime factors of t.
5, 7, 19
Suppose 25*s - 16*s - 45 = 0. Suppose 3*h - j - 3690 = j, s*h - 6143 = j. List the prime factors of h.
2, 307
Let x be 106/34 + -3 + 870463/187. Suppose 16*h - x = 2353. What are the prime factors of h?
2, 3, 73
Suppose 2*p - 100 + 104 = 0. What are the prime factors of ((-2)/p + -4)*-83?
3, 83
Let i be 1/(-2) + (-2812931)/(-22). Suppose 15*d = 3*d + i. What are the prime factors of (3/(-9))/(d/(-2130) + 5)?
2, 71
Let s = -470 - -326. List the prime factors of (146 + s)*(-1)/2*-139.
139
Let v be -1 + (3 + 6/(-4))*-84. Let b = v + 122. What are the prime factors of (-1 + -395)/(b + 7/2)?
2, 3, 11
Suppose 12*o + 9099 - 41391 = 0. What are the prime factors of o?
3, 13, 23
Let m be (-3 + -4247)/(-2) + (-3 - -1). Suppose 14*s - m - 1419 = 0. List the prime factors of s.
11, 23
Let v be (-54)/13 + (-34)/(-221). List the prime factors of (102/v)/(24/(-224)).
2, 7, 17
List the prime factors of 3/(-18) + 175231/6.
3, 5, 11, 59
Let s = -25 - -32. Suppose -s*c = -3458 - 1750. What are the prime factors of c?
2, 3, 31
Let u be 4*(-455)/(-10) - (-8)/(-4). Let o = u + -66. What are the prime factors of o?
2, 3, 19
Suppose 5*c - 3*d - 39031 = -0*d, 15600 = 2*c + 5*d. List the prime factors of c.
5, 7, 223
Let c be (-4)/6*2*-3. Suppose 2*x + c*q - 308 = 0, 278 = 8*x - 6*x - 2*q. Suppose -2*m + x = -0*m. What are the prime factors of m?
2, 3
Let o(w) = 10 + 16*w + 661*w + 11. List the prime facto